{"id":10538,"date":"2020-02-27T11:37:13","date_gmt":"2020-02-27T10:37:13","guid":{"rendered":"https:\/\/www.boisbuchet.org\/product\/making-place-and-space-design-with-yoga\/"},"modified":"2021-05-01T00:00:19","modified_gmt":"2021-04-30T22:00:19","slug":"making-place-and-space-design-with-yoga","status":"publish","type":"product","link":"https:\/\/www.boisbuchet.org\/fr\/produit\/making-place-and-space-design-with-yoga\/","title":{"rendered":"Making Place and Space &#8211; Design with Yoga"},"content":{"rendered":"<p>Les ateliers de Franziska Kessler \u00e0 Boisbuchet sont \u00e0 la fois des exp\u00e9riences cr\u00e9atives et des exercices. Cette semaine d\u2019atelier va na\u00eetre de la nature, et sera en nous et autour de nous. Dans le paysage bucolique de Boisbuchet, nous chercherons des pierres dans la rivi\u00e8re et dans les prairies, dans la for\u00eat et sur les bords des sentiers. Nous les rassemblerons toutes ensemble pour les inscrire dans le paysage, dans une forme \u00e0 deux, trois ou quatre dimensions. Nos actions et nos perceptions devront cr\u00e9er le plus consciemment possible un lieu qui permettra l&#8217;unit\u00e9 et l&#8217;ouverture avec nous-m\u00eames, avec les autres et avec le monde &#8211; un site pr\u00e9cieux pour la communaut\u00e9, la m\u00e9ditation et la beaut\u00e9, o\u00f9 chacun pourra se r\u00e9unir avec les autres mais qui sera aussi un endroit pour s\u2019isoler.<\/p>\n<p>Le yoga ne nous pr\u00e9parera pas seulement physiquement et mentalement \u00e0 cette t\u00e2che, mais se r\u00e9percutera \u00e9galement sur le processus cr\u00e9atif lui-m\u00eame &#8211; tout comme, \u00e0 l&#8217;inverse, nos \u00e9nergies et comp\u00e9tences cr\u00e9atives augmentent l&#8217;exp\u00e9rience du yoga. Et la nature comme source d&#8217;\u00e9nergie et d&#8217;inspiration va nourrir aussi bien le processus de design du lieu ext\u00e9rieur et le processus de design de nous-m\u00eames\u00a0: \u00ab\u00a0Utiliser les mat\u00e9riaux bruts et mon \u00e9chelle humaine dans la r\u00e9alit\u00e9 des paysages\u00a0\u00bb (Richard Long).<\/p>\n<p>La Kundalini est la source de la force de vie universelle (prana) qui dort en chacun de nous, \u00e0 la racine de la colonne vert\u00e9brale, comme un serpent enroul\u00e9. Le Kundalini Yoga, \u00e9galement connu sous le nom de Yoga de la conscience, est une m\u00e9thode de transformation qui repose sur un travail \u00e9nerg\u00e9tique affectant l&#8217;esprit et l&#8217;\u00e2me dans le corps. Enseign\u00e9 au Tibet et en Inde depuis des milliers d&#8217;ann\u00e9es, il comprend des exercices physiques, le contr\u00f4le de la respiration, la m\u00e9ditation et le chant de mantras. Les techniques sont simples et elles peuvent \u00eatre pratiqu\u00e9es par tout le monde quels que soient l&#8217;\u00e2ge ou la forme physique.<\/p>\n","protected":false},"excerpt":{"rendered":"<p>Les ateliers de Franziska Kessler \u00e0 Boisbuchet sont \u00e0 la  [&#8230;]<\/p>\n","protected":false},"author":707,"featured_media":10172,"template":"","meta":{"_monsterinsights_skip_tracking":false,"_monsterinsights_sitenote_active":false,"_monsterinsights_sitenote_note":"","_monsterinsights_sitenote_category":0},"product_brand":[],"product_cat":[689,82],"product_tag":[],"content-year":[612,665],"class_list":{"0":"post-10538","1":"product","2":"type-product","3":"status-publish","4":"has-post-thumbnail","6":"product_cat-land-art-fr","7":"product_cat-yoga-fr","8":"content-year-612","9":"content-year-665","11":"first","12":"outofstock","13":"sold-individually","14":"shipping-taxable","15":"purchasable","16":"product-type-variable"},"yoast_head":"<!-- This site is optimized with the Yoast SEO plugin v27.1.1 - https:\/\/yoast.com\/product\/yoast-seo-wordpress\/ -->\n<title>Making Place and Space - Design with Yoga | Domaine de Boisbuchet<\/title>\n<meta name=\"robots\" content=\"noindex, follow\" \/>\n<meta property=\"og:locale\" content=\"fr_FR\" \/>\n<meta property=\"og:type\" content=\"article\" \/>\n<meta property=\"og:title\" content=\"Making Place and Space - Design with Yoga | Domaine de Boisbuchet\" \/>\n<meta property=\"og:description\" content=\"Les ateliers de Franziska Kessler \u00e0 Boisbuchet sont \u00e0 la [...]\" \/>\n<meta property=\"og:url\" content=\"https:\/\/www.boisbuchet.org\/fr\/produit\/making-place-and-space-design-with-yoga\/\" \/>\n<meta property=\"og:site_name\" content=\"Domaine de Boisbuchet\" \/>\n<meta property=\"article:publisher\" content=\"https:\/\/www.facebook.com\/boisbuchet\" \/>\n<meta property=\"article:modified_time\" content=\"2021-04-30T22:00:19+00:00\" \/>\n<meta property=\"og:image\" content=\"https:\/\/www.boisbuchet.org\/wp-content\/uploads\/2020\/02\/2020-Tiles-FranziskaKessler.jpg\" \/>\n\t<meta property=\"og:image:width\" content=\"600\" \/>\n\t<meta property=\"og:image:height\" content=\"400\" \/>\n\t<meta property=\"og:image:type\" content=\"image\/jpeg\" \/>\n<meta name=\"twitter:card\" content=\"summary_large_image\" \/>\n<meta name=\"twitter:site\" content=\"@boisbuchet\" \/>\n<meta name=\"twitter:label1\" content=\"Dur\u00e9e de lecture estim\u00e9e\" \/>\n\t<meta name=\"twitter:data1\" content=\"2 minutes\" \/>\n<script type=\"application\/ld+json\" class=\"yoast-schema-graph\">{\"@context\":\"https:\/\/schema.org\",\"@graph\":[{\"@type\":\"WebPage\",\"@id\":\"https:\/\/www.boisbuchet.org\/fr\/produit\/making-place-and-space-design-with-yoga\/\",\"url\":\"https:\/\/www.boisbuchet.org\/fr\/produit\/making-place-and-space-design-with-yoga\/\",\"name\":\"Making Place and Space - Design with Yoga | Domaine de Boisbuchet\",\"isPartOf\":{\"@id\":\"https:\/\/www.boisbuchet.org\/#website\"},\"primaryImageOfPage\":{\"@id\":\"https:\/\/www.boisbuchet.org\/fr\/produit\/making-place-and-space-design-with-yoga\/#primaryimage\"},\"image\":{\"@id\":\"https:\/\/www.boisbuchet.org\/fr\/produit\/making-place-and-space-design-with-yoga\/#primaryimage\"},\"thumbnailUrl\":\"https:\/\/www.boisbuchet.org\/wp-content\/uploads\/2020\/02\/2020-Tiles-FranziskaKessler.jpg\",\"datePublished\":\"2020-02-27T10:37:13+00:00\",\"dateModified\":\"2021-04-30T22:00:19+00:00\",\"breadcrumb\":{\"@id\":\"https:\/\/www.boisbuchet.org\/fr\/produit\/making-place-and-space-design-with-yoga\/#breadcrumb\"},\"inLanguage\":\"fr-FR\",\"potentialAction\":[{\"@type\":\"ReadAction\",\"target\":[\"https:\/\/www.boisbuchet.org\/fr\/produit\/making-place-and-space-design-with-yoga\/\"]}]},{\"@type\":\"ImageObject\",\"inLanguage\":\"fr-FR\",\"@id\":\"https:\/\/www.boisbuchet.org\/fr\/produit\/making-place-and-space-design-with-yoga\/#primaryimage\",\"url\":\"https:\/\/www.boisbuchet.org\/wp-content\/uploads\/2020\/02\/2020-Tiles-FranziskaKessler.jpg\",\"contentUrl\":\"https:\/\/www.boisbuchet.org\/wp-content\/uploads\/2020\/02\/2020-Tiles-FranziskaKessler.jpg\",\"width\":600,\"height\":400},{\"@type\":\"BreadcrumbList\",\"@id\":\"https:\/\/www.boisbuchet.org\/fr\/produit\/making-place-and-space-design-with-yoga\/#breadcrumb\",\"itemListElement\":[{\"@type\":\"ListItem\",\"position\":1,\"name\":\"Home\",\"item\":\"https:\/\/www.boisbuchet.org\/fr\/\"},{\"@type\":\"ListItem\",\"position\":2,\"name\":\"Boutique\",\"item\":\"https:\/\/www.boisbuchet.org\/fr\/boutique\/\"},{\"@type\":\"ListItem\",\"position\":3,\"name\":\"Making Place and Space &#8211; Design with Yoga\"}]},{\"@type\":\"WebSite\",\"@id\":\"https:\/\/www.boisbuchet.org\/#website\",\"url\":\"https:\/\/www.boisbuchet.org\/\",\"name\":\"Domaine de Boisbuchet\",\"description\":\"Summer Workshops | Park | Event\u00a0Location\",\"publisher\":{\"@id\":\"https:\/\/www.boisbuchet.org\/#organization\"},\"potentialAction\":[{\"@type\":\"SearchAction\",\"target\":{\"@type\":\"EntryPoint\",\"urlTemplate\":\"https:\/\/www.boisbuchet.org\/?s={search_term_string}\"},\"query-input\":{\"@type\":\"PropertyValueSpecification\",\"valueRequired\":true,\"valueName\":\"search_term_string\"}}],\"inLanguage\":\"fr-FR\"},{\"@type\":\"Organization\",\"@id\":\"https:\/\/www.boisbuchet.org\/#organization\",\"name\":\"Domine de Boisbuchet\",\"url\":\"https:\/\/www.boisbuchet.org\/\",\"logo\":{\"@type\":\"ImageObject\",\"inLanguage\":\"fr-FR\",\"@id\":\"https:\/\/www.boisbuchet.org\/#\/schema\/logo\/image\/\",\"url\":\"https:\/\/www.boisbuchet.org\/wp-content\/uploads\/2019\/01\/logo_boisbuchet_black.png\",\"contentUrl\":\"https:\/\/www.boisbuchet.org\/wp-content\/uploads\/2019\/01\/logo_boisbuchet_black.png\",\"width\":200,\"height\":73,\"caption\":\"Domine de Boisbuchet\"},\"image\":{\"@id\":\"https:\/\/www.boisbuchet.org\/#\/schema\/logo\/image\/\"},\"sameAs\":[\"https:\/\/www.facebook.com\/boisbuchet\",\"https:\/\/x.com\/boisbuchet\",\"https:\/\/www.instagram.com\/boisbuchet\",\"https:\/\/www.linkedin.com\/company\/domaine-de-boisbuchet\",\"https:\/\/www.pinterest.com\/boisbuchet\"]}]}<\/script>\n<!-- \/ Yoast SEO plugin. -->","yoast_head_json":{"title":"Making Place and Space - Design with Yoga | Domaine de Boisbuchet","robots":{"index":"noindex","follow":"follow"},"og_locale":"fr_FR","og_type":"article","og_title":"Making Place and Space - Design with Yoga | Domaine de Boisbuchet","og_description":"Les ateliers de Franziska Kessler \u00e0 Boisbuchet sont \u00e0 la [...]","og_url":"https:\/\/www.boisbuchet.org\/fr\/produit\/making-place-and-space-design-with-yoga\/","og_site_name":"Domaine de Boisbuchet","article_publisher":"https:\/\/www.facebook.com\/boisbuchet","article_modified_time":"2021-04-30T22:00:19+00:00","og_image":[{"width":600,"height":400,"url":"https:\/\/www.boisbuchet.org\/wp-content\/uploads\/2020\/02\/2020-Tiles-FranziskaKessler.jpg","type":"image\/jpeg"}],"twitter_card":"summary_large_image","twitter_site":"@boisbuchet","twitter_misc":{"Dur\u00e9e de lecture estim\u00e9e":"2 minutes"},"schema":{"@context":"https:\/\/schema.org","@graph":[{"@type":"WebPage","@id":"https:\/\/www.boisbuchet.org\/fr\/produit\/making-place-and-space-design-with-yoga\/","url":"https:\/\/www.boisbuchet.org\/fr\/produit\/making-place-and-space-design-with-yoga\/","name":"Making Place and Space - Design with Yoga | Domaine de Boisbuchet","isPartOf":{"@id":"https:\/\/www.boisbuchet.org\/#website"},"primaryImageOfPage":{"@id":"https:\/\/www.boisbuchet.org\/fr\/produit\/making-place-and-space-design-with-yoga\/#primaryimage"},"image":{"@id":"https:\/\/www.boisbuchet.org\/fr\/produit\/making-place-and-space-design-with-yoga\/#primaryimage"},"thumbnailUrl":"https:\/\/www.boisbuchet.org\/wp-content\/uploads\/2020\/02\/2020-Tiles-FranziskaKessler.jpg","datePublished":"2020-02-27T10:37:13+00:00","dateModified":"2021-04-30T22:00:19+00:00","breadcrumb":{"@id":"https:\/\/www.boisbuchet.org\/fr\/produit\/making-place-and-space-design-with-yoga\/#breadcrumb"},"inLanguage":"fr-FR","potentialAction":[{"@type":"ReadAction","target":["https:\/\/www.boisbuchet.org\/fr\/produit\/making-place-and-space-design-with-yoga\/"]}]},{"@type":"ImageObject","inLanguage":"fr-FR","@id":"https:\/\/www.boisbuchet.org\/fr\/produit\/making-place-and-space-design-with-yoga\/#primaryimage","url":"https:\/\/www.boisbuchet.org\/wp-content\/uploads\/2020\/02\/2020-Tiles-FranziskaKessler.jpg","contentUrl":"https:\/\/www.boisbuchet.org\/wp-content\/uploads\/2020\/02\/2020-Tiles-FranziskaKessler.jpg","width":600,"height":400},{"@type":"BreadcrumbList","@id":"https:\/\/www.boisbuchet.org\/fr\/produit\/making-place-and-space-design-with-yoga\/#breadcrumb","itemListElement":[{"@type":"ListItem","position":1,"name":"Home","item":"https:\/\/www.boisbuchet.org\/fr\/"},{"@type":"ListItem","position":2,"name":"Boutique","item":"https:\/\/www.boisbuchet.org\/fr\/boutique\/"},{"@type":"ListItem","position":3,"name":"Making Place and Space &#8211; Design with Yoga"}]},{"@type":"WebSite","@id":"https:\/\/www.boisbuchet.org\/#website","url":"https:\/\/www.boisbuchet.org\/","name":"Domaine de Boisbuchet","description":"Summer Workshops | Park | Event\u00a0Location","publisher":{"@id":"https:\/\/www.boisbuchet.org\/#organization"},"potentialAction":[{"@type":"SearchAction","target":{"@type":"EntryPoint","urlTemplate":"https:\/\/www.boisbuchet.org\/?s={search_term_string}"},"query-input":{"@type":"PropertyValueSpecification","valueRequired":true,"valueName":"search_term_string"}}],"inLanguage":"fr-FR"},{"@type":"Organization","@id":"https:\/\/www.boisbuchet.org\/#organization","name":"Domine de Boisbuchet","url":"https:\/\/www.boisbuchet.org\/","logo":{"@type":"ImageObject","inLanguage":"fr-FR","@id":"https:\/\/www.boisbuchet.org\/#\/schema\/logo\/image\/","url":"https:\/\/www.boisbuchet.org\/wp-content\/uploads\/2019\/01\/logo_boisbuchet_black.png","contentUrl":"https:\/\/www.boisbuchet.org\/wp-content\/uploads\/2019\/01\/logo_boisbuchet_black.png","width":200,"height":73,"caption":"Domine de Boisbuchet"},"image":{"@id":"https:\/\/www.boisbuchet.org\/#\/schema\/logo\/image\/"},"sameAs":["https:\/\/www.facebook.com\/boisbuchet","https:\/\/x.com\/boisbuchet","https:\/\/www.instagram.com\/boisbuchet","https:\/\/www.linkedin.com\/company\/domaine-de-boisbuchet","https:\/\/www.pinterest.com\/boisbuchet"]}]}},"_links":{"self":[{"href":"https:\/\/www.boisbuchet.org\/fr\/wp-json\/wp\/v2\/product\/10538","targetHints":{"allow":["GET"]}}],"collection":[{"href":"https:\/\/www.boisbuchet.org\/fr\/wp-json\/wp\/v2\/product"}],"about":[{"href":"https:\/\/www.boisbuchet.org\/fr\/wp-json\/wp\/v2\/types\/product"}],"author":[{"embeddable":true,"href":"https:\/\/www.boisbuchet.org\/fr\/wp-json\/wp\/v2\/users\/707"}],"wp:featuredmedia":[{"embeddable":true,"href":"https:\/\/www.boisbuchet.org\/fr\/wp-json\/wp\/v2\/media\/10172"}],"wp:attachment":[{"href":"https:\/\/www.boisbuchet.org\/fr\/wp-json\/wp\/v2\/media?parent=10538"}],"wp:term":[{"taxonomy":"product_brand","embeddable":true,"href":"https:\/\/www.boisbuchet.org\/fr\/wp-json\/wp\/v2\/product_brand?post=10538"},{"taxonomy":"product_cat","embeddable":true,"href":"https:\/\/www.boisbuchet.org\/fr\/wp-json\/wp\/v2\/product_cat?post=10538"},{"taxonomy":"product_tag","embeddable":true,"href":"https:\/\/www.boisbuchet.org\/fr\/wp-json\/wp\/v2\/product_tag?post=10538"},{"taxonomy":"content-year","embeddable":true,"href":"https:\/\/www.boisbuchet.org\/fr\/wp-json\/wp\/v2\/content-year?post=10538"}],"curies":[{"name":"wp","href":"https:\/\/api.w.org\/{rel}","templated":true}]}}

<p>Les ateliers de Franziska Kessler à Boisbuchet sont à la fois des expériences créatives et des exercices. Cette semaine d’atelier va naître de la nature, et sera en nous et autour de nous. Dans le paysage bucolique de Boisbuchet, nous chercherons des pierres dans la rivière et dans les prairies, dans la forêt et sur les bords des sentiers. Nous les rassemblerons toutes ensemble pour les inscrire dans le paysage, dans une forme à deux, trois ou quatre dimensions. Nos actions et nos perceptions devront créer le plus consciemment possible un lieu qui permettra l&#8217;unité et l&#8217;ouverture avec nous-mêmes, avec les autres et avec le monde &#8211; un site précieux pour la communauté, la méditation et la beauté, où chacun pourra se réunir avec les autres mais qui sera aussi un endroit pour s’isoler.</p>
<p>Le yoga ne nous préparera pas seulement physiquement et mentalement à cette tâche, mais se répercutera également sur le processus créatif lui-même &#8211; tout comme, à l&#8217;inverse, nos énergies et compétences créatives augmentent l&#8217;expérience du yoga. Et la nature comme source d&#8217;énergie et d&#8217;inspiration va nourrir aussi bien le processus de design du lieu extérieur et le processus de design de nous-mêmes : « Utiliser les matériaux bruts et mon échelle humaine dans la réalité des paysages » (Richard Long).</p>
<p>La Kundalini est la source de la force de vie universelle (prana) qui dort en chacun de nous, à la racine de la colonne vertébrale, comme un serpent enroulé. Le Kundalini Yoga, également connu sous le nom de Yoga de la conscience, est une méthode de transformation qui repose sur un travail énergétique affectant l&#8217;esprit et l&#8217;âme dans le corps. Enseigné au Tibet et en Inde depuis des milliers d&#8217;années, il comprend des exercices physiques, le contrôle de la respiration, la méditation et le chant de mantras. Les techniques sont simples et elles peuvent être pratiquées par tout le monde quels que soient l&#8217;âge ou la forme physique.</p>

<p>Les ateliers de Franziska Kessler à Boisbuchet sont à la  [&#8230;]</p>

<!-- This site is optimized with the Yoast SEO plugin v27.1.1 - https://yoast.com/product/yoast-seo-wordpress/ -->
<title>Making Place and Space - Design with Yoga | Domaine de Boisbuchet</title>
<meta name="robots" content="noindex, follow" />
<meta property="og:locale" content="fr_FR" />
<meta property="og:type" content="article" />
<meta property="og:title" content="Making Place and Space - Design with Yoga | Domaine de Boisbuchet" />
<meta property="og:description" content="Les ateliers de Franziska Kessler à Boisbuchet sont à la [...]" />
<meta property="og:url" content="https://www.boisbuchet.org/fr/produit/making-place-and-space-design-with-yoga/" />
<meta property="og:site_name" content="Domaine de Boisbuchet" />
<meta property="article:publisher" content="https://www.facebook.com/boisbuchet" />
<meta property="article:modified_time" content="2021-04-30T22:00:19+00:00" />
<meta property="og:image" content="https://www.boisbuchet.org/wp-content/uploads/2020/02/2020-Tiles-FranziskaKessler.jpg" />
	<meta property="og:image:width" content="600" />
	<meta property="og:image:height" content="400" />
	<meta property="og:image:type" content="image/jpeg" />
<meta name="twitter:card" content="summary_large_image" />
<meta name="twitter:site" content="@boisbuchet" />
<meta name="twitter:label1" content="Durée de lecture estimée" />
	<meta name="twitter:data1" content="2 minutes" />
<script type="application/ld+json" class="yoast-schema-graph">{"@context":"https://schema.org","@graph":[{"@type":"WebPage","@id":"https://www.boisbuchet.org/fr/produit/making-place-and-space-design-with-yoga/","url":"https://www.boisbuchet.org/fr/produit/making-place-and-space-design-with-yoga/","name":"Making Place and Space - Design with Yoga | Domaine de Boisbuchet","isPartOf":{"@id":"https://www.boisbuchet.org/#website"},"primaryImageOfPage":{"@id":"https://www.boisbuchet.org/fr/produit/making-place-and-space-design-with-yoga/#primaryimage"},"image":{"@id":"https://www.boisbuchet.org/fr/produit/making-place-and-space-design-with-yoga/#primaryimage"},"thumbnailUrl":"https://www.boisbuchet.org/wp-content/uploads/2020/02/2020-Tiles-FranziskaKessler.jpg","datePublished":"2020-02-27T10:37:13+00:00","dateModified":"2021-04-30T22:00:19+00:00","breadcrumb":{"@id":"https://www.boisbuchet.org/fr/produit/making-place-and-space-design-with-yoga/#breadcrumb"},"inLanguage":"fr-FR","potentialAction":[{"@type":"ReadAction","target":["https://www.boisbuchet.org/fr/produit/making-place-and-space-design-with-yoga/"]}]},{"@type":"ImageObject","inLanguage":"fr-FR","@id":"https://www.boisbuchet.org/fr/produit/making-place-and-space-design-with-yoga/#primaryimage","url":"https://www.boisbuchet.org/wp-content/uploads/2020/02/2020-Tiles-FranziskaKessler.jpg","contentUrl":"https://www.boisbuchet.org/wp-content/uploads/2020/02/2020-Tiles-FranziskaKessler.jpg","width":600,"height":400},{"@type":"BreadcrumbList","@id":"https://www.boisbuchet.org/fr/produit/making-place-and-space-design-with-yoga/#breadcrumb","itemListElement":[{"@type":"ListItem","position":1,"name":"Home","item":"https://www.boisbuchet.org/fr/"},{"@type":"ListItem","position":2,"name":"Boutique","item":"https://www.boisbuchet.org/fr/boutique/"},{"@type":"ListItem","position":3,"name":"Making Place and Space &#8211; Design with Yoga"}]},{"@type":"WebSite","@id":"https://www.boisbuchet.org/#website","url":"https://www.boisbuchet.org/","name":"Domaine de Boisbuchet","description":"Summer Workshops | Park | Event Location","publisher":{"@id":"https://www.boisbuchet.org/#organization"},"potentialAction":[{"@type":"SearchAction","target":{"@type":"EntryPoint","urlTemplate":"https://www.boisbuchet.org/?s={search_term_string}"},"query-input":{"@type":"PropertyValueSpecification","valueRequired":true,"valueName":"search_term_string"}}],"inLanguage":"fr-FR"},{"@type":"Organization","@id":"https://www.boisbuchet.org/#organization","name":"Domine de Boisbuchet","url":"https://www.boisbuchet.org/","logo":{"@type":"ImageObject","inLanguage":"fr-FR","@id":"https://www.boisbuchet.org/#/schema/logo/image/","url":"https://www.boisbuchet.org/wp-content/uploads/2019/01/logo_boisbuchet_black.png","contentUrl":"https://www.boisbuchet.org/wp-content/uploads/2019/01/logo_boisbuchet_black.png","width":200,"height":73,"caption":"Domine de Boisbuchet"},"image":{"@id":"https://www.boisbuchet.org/#/schema/logo/image/"},"sameAs":["https://www.facebook.com/boisbuchet","https://x.com/boisbuchet","https://www.instagram.com/boisbuchet","https://www.linkedin.com/company/domaine-de-boisbuchet","https://www.pinterest.com/boisbuchet"]}]}</script>
<!-- / Yoast SEO plugin. -->

Les ateliers de Franziska Kessler à Boisbuchet sont à la [...]
